est common divisor of s and 105?
21
Suppose -30 = -u - 2*u. What is the greatest common factor of u and 20?
10
Let d = -5 - -7. Let f(v) = 7*v**2 - v - 2. Let b be f(d). Let r(u) = -u + 27. Let n be r(11). What is the highest common divisor of n and b?
8
Suppose 0 = 2*g - 35 - 49. What is the greatest common factor of g and 6?
6
Suppose 8 = 4*x - 0*x. What is the greatest common divisor of 3 and x?
1
Let q(w) = w**3 - w**2 - 3*w + 7. Let z be q(4). Suppose -2*b + z = 3*y - 4, 0 = -2*b - y + 45. Let o = 60 - 5. Calculate the highest common factor of b and o.
11
Suppose 4*h = 2*f - 8 - 10, 3*h = -f - 6. Suppose p + 14 = f*p. Suppose y - 14 = -0*y. What is the greatest common factor of p and y?
7
Suppose 0 = 2*a + 3*a - 100. What is the highest common factor of 40 and a?
20
Let i(w) be the second derivative of -w**4/12 - 2*w**3 + w**2 + w. Let p be i(-10). Calculate the highest common factor of 22 and p.
22
Suppose -2*y - 3*i = -37 - 56, 5*y = -5*i + 230. Let u(v) = v**3 - 7*v**2 + 13*v - 6. Let t be u(5). Calculate the greatest common divisor of t and y.
9
Suppose 5*k + 10 = -2*g, 0*g = -5*k - 5*g + 5. Let v = 8 + k. Suppose 3*j - 180 = 2*n - 6*n, -v*j - 16 = 0. What is the highest common factor of n and 16?
16
Let k be (4/(-12))/((-4)/132). Calculate the greatest common factor of k and 121.
11
Let j(f) = -15*f**3 - 3*f - 5. Let h be j(-2). Calculate the greatest common divisor of 11 and h.
11
Let n be 12/18*(-1 + (-29)/(-2)). Let a = 0 + 18. What is the highest common divisor of n and a?
9
Suppose -74 = -3*r + 220. Calculate the greatest common divisor of r and 14.
14
Suppose 30 = g + g. What is the highest common factor of g and 30?
15
Let i(b) = -b**2 + 5*b - 4. Let k be i(3). Suppose -4*t = -k*x - 3*x - 31, -4 = -t. Let q = x + 31. Calculate the highest common factor of 7 and q.
7
Let c be 8/14 + (-164)/(-7). Calculate the highest common factor of 36 and c.
12
Suppose -5*n + 117 + 48 = 0. What is the greatest common divisor of n and 44?
11
Let o = -9 + 15. Suppose -u + 19 = 3*s, 3*u = -4*s + 11 + o. What is the highest common factor of s and 24?
8
Let n = 7 + 1. Calculate the highest common divisor of n and 8.
8
Let v be 37/3 + (-1)/3. Let w = -87 - -135. Suppose -z + w = 3*k, 0*k + 2*k = z - 48. What is the highest common divisor of z and v?
12
Let j be 216/22 + 4/22. Let p = 23 - j. Suppose 1 = -4*t + p. Calculate the highest common factor of t and 9.
3
Let o be -1*(-27 - -6)*(-6)/(-7). Suppose 0 = v + 4*f - 94, 7*v - 4*v = 4*f + 266. What is the greatest common factor of v and o?
18
Suppose 2*v + 0 = 2. Let a be v/(-2) - 52/(-8). Calculate the highest common factor of 9 and a.
3
Let j = 207 + -79. What is the greatest common divisor of 16 and j?
16
Let f = 23 + -13. Calculate the highest common divisor of 4 and f.
2
Suppose 0*g + 4*g = 84. Let j(y) = 14*y**3 + 2*y**2 - 1. Let v be j(-1). Let d = v + g. Calculate the highest common factor of d and 88.
8
Suppose 9*u = 18*u - 891. Calculate the greatest common divisor of u and 11.
11
Suppose 10 = 4*m + m. Let z be m + (-4 - (0 - 3)). Let i = 0 - -2. Calculate the greatest common divisor of i and z.
1
Suppose 3*h - 2*h - 3*d - 29 = 0, -4*d = -8. What is the greatest common divisor of 14 and h?
7
Suppose 4*r + 3*f = 6*r - 18, -3*r + 41 = -f. What is the greatest common divisor of 15 and r?
15
Suppose -3*k = -9 - 6. Calculate the highest common divisor of 20 and k.
5
Let a be (1 - (-1 + 0)) + 2. Suppose a*d - 864 = -0*d. Calculate the highest common factor of d and 24.
24
Let x be 14/((-3)/((-9)/6)). Let r be (-1)/1*x*-1. What is the highest common factor of 7 and r?
7
Suppose -4*g - 40 = 4*y, -4*g = 2*y - 0*y + 26. Suppose 5*m = 5*a - 25, 5*a + 8 = -3*m + 1. Let k = a - y. Calculate the highest common divisor of k and 72.
8
Let f be 1/2*-1*-34. What is the highest common factor of 119 and f?
17
Let g(i) be the third derivative of -i**4/24 + 13*i**3/6 + i**2. Let m be g(9). Let y = 12 - 6. Calculate the greatest common factor of y and m.
2
Let l = -7 - -23. Let i be 196/16 - 4/l. Calculate the highest common divisor of i and 108.
12
Let l be -4 + (25 - (-6 - -3)). Calculate the highest common factor of 12 and l.
12
Let h(m) = -31*m**3 + m**2 + 2*m + 1. Let l be h(-1). Calculate the greatest common factor of l and 31.
31
Let g(h) = -h - 3*h**2 - 34 + 4*h**2 + h**3 + 0*h**2 + 41. Let t be 1*(0 + 2) + -2. Let w be g(t). Calculate the highest common factor of w and 56.
7
Let w(i) = i**3 + 5*i**2 + 2*i + 5 - 1 + 2*i. Let b = 6 + -9. Let o be w(b). What is the highest common divisor of o and 110?
10
Let w(n) = -n**3 - n - 1. Let l(v) = 8*v**3 - 2*v**2 + 3*v + 6. Let t(a) = -l(a) - 6*w(a). Let r be t(-2). Calculate the greatest common divisor of r and 6.
6
Let p = 71 - 41. Let w(m) = m + 12. Let i be w(-6). Calculate the greatest common factor of p and i.
6
Suppose 3 = m - 8. Let u be ((-3)/(-4))/(2/8). Suppose -179 = -2*q - u. What is the highest common divisor of q and m?
11
Let c = -197 + 379. Let d = 297 - c. Calculate the highest common factor of d and 23.
23
Suppose 0*c + 836 = 4*c. Suppose -86 = -3*i + i. Let k = -24 + i. Calculate the highest common divisor of c and k.
19
Suppose 3*u - 2*u + r - 37 = 0, -3*r = 5*u - 183. What is the greatest common divisor of u and 4?
4
Let r be (-4)/6*-3 - -3. Suppose -r*m + 100 = -m. Calculate the highest common factor of 5 and m.
5
Let u(k) be the first derivative of -k**2/2 + 20*k + 1. Let p be u(0). Let c be 28/(-8)*-4 + -4. What is the greatest common divisor of c and p?
10
Let g be (-1)/(1 - (-136)/(-132)). Let a(b) = 1 + b + 2 - 6. Let o be a(6). Calculate the highest common factor of o and g.
3
Suppose 3*n - 36 = -0*n. Calculate the greatest common factor of 42 and n.
6
Let o(x) = x + 11. Let q be o(-6). Suppose -q*t = -1 + 31. Let l be (t - (-1 + -2)) + 124. What is the highest common factor of l and 11?
11
Suppose -3*v = -6*v + o + 164, -2*v - 5*o + 115 = 0. Calculate the greatest common factor of 22 and v.
11
Let r be (28/(-6))/(14/(-63)). Calculate the greatest common factor of r and 21.
21
Suppose -3*n + 0*n + 27 = 2*w, n = w + 9. What is the greatest common factor of 9 and n?
9
Let g = -3 + 4. What is the greatest common factor of g and 1?
1
Let u = 72 + -38. Let z = -5 + 9. Suppose z = 2*f, 4*s + f - 85 - 121 = 0. What is the highest common divisor of s and u?
17
Let o(f) = 263*f**2 - f + 2. Let p be o(1). Suppose -3*c + 4*c + 3*m - 39 = 0, 101 = 4*c + m. What is the highest common factor of p and c?
24
Let g(v) = v**2 + 7*v. Let f be g(-7). Suppose f = -2*a + 51 - 15. What is the highest common divisor of 36 and a?
18
Let v(g) = g**2 + 5*g + 4. Let w be v(-5). What is the greatest common factor of 4 and w?
4
Suppose -37*v + 31*v = -726. What is the greatest common divisor of 11 and v?
11
Suppose -108 - 160 = -4*x. Let z = 137 - x. What is the highest common divisor of 14 and z?
14
Suppose d + 97 = 5*b, -64 = -3*b + 5*d - 19. Let v be 5 + 79 + -4 + 0/(-2). What is the highest common factor of b and v?
20
Suppose 0 = j - 19 - 6. Calculate the highest common divisor of j and 125.
25
Let p(n) = -4*n + 28. Let v be p(4). What is the highest common divisor of v and 36?
12
Let x = 75 + -30. Suppose x = -r + 2*r. What is the highest common divisor of 9 and r?
9
Let z be (383 - 20)*8/6. What is the highest common divisor of 44 and z?
44
Suppose -u - 44 = -3*u. Calculate the highest common factor of 2 and u.
2
Let v = -5 - -3. Let g be (-3)/((-15)/v)*-5. Let c be 3/((-9)/(-12)*g). Calculate the greatest common factor of c and 1.
1
Suppose p + 2*p + 31 = -4*q, 5*p + q = -29. Suppose -2*z - 5*c = -12, -4*c = -9*c. Let r = z + p. Calculate the greatest common divisor of 4 and r.
1
Let s be ((-2)/4)/((-2)/8). Suppose 0 = -s*m + 22 + 154. What is the greatest common factor of 8 and m?
8
Let f = 8 - -6. Calculate the highest common divisor of f and 154.
14
Let w = -12 - -20. Let c be 3/(-12) - (-114)/w. Suppose 2*q = 3*x + 3, 5*x = -4*q + q + c. What is the highest common factor of q and 21?
3
Let f(c) = -c**3 - 9*c**2 + 3*c - 11. Let n be f(-9). Let l = n - -55. Calculate the highest common divisor of 34 and l.
17
Suppose -4*o - 18 = -2*n, -n + 12 - 2 = -o. What is the greatest common divisor of 1 and n?
1
Suppose -4*h + 52 = 4*m, -m + 49 = 4*h - 0*m. W